{"id":30,"date":"2025-05-12T12:03:04","date_gmt":"2025-05-12T12:03:04","guid":{"rendered":"https:\/\/www.antlerfinance.fi\/?page_id=30"},"modified":"2025-05-12T14:42:08","modified_gmt":"2025-05-12T14:42:08","slug":"yhtio","status":"publish","type":"page","link":"https:\/\/www.antlerfinance.fi\/index.php\/yhtio\/","title":{"rendered":"Yhti\u00f6"},"content":{"rendered":"\t\t<div data-elementor-type=\"wp-page\" data-elementor-id=\"30\" class=\"elementor elementor-30\" data-elementor-post-type=\"page\">\n\t\t\t\t<div class=\"elementor-element elementor-element-2e23c6c9 e-flex e-con-boxed e-con e-parent\" data-id=\"2e23c6c9\" data-element_type=\"container\" data-e-type=\"container\" data-settings=\"{&quot;background_background&quot;:&quot;classic&quot;}\">\n\t\t\t\t\t<div class=\"e-con-inner\">\n\t\t<div class=\"elementor-element elementor-element-72b877c5 e-con-full e-flex e-con e-child\" data-id=\"72b877c5\" data-element_type=\"container\" data-e-type=\"container\" data-settings=\"{&quot;background_background&quot;:&quot;classic&quot;}\">\n\t\t\t\t<div class=\"elementor-element elementor-element-7aeafc59 elementor-widget elementor-widget-heading\" data-id=\"7aeafc59\" data-element_type=\"widget\" data-e-type=\"widget\" data-widget_type=\"heading.default\">\n\t\t\t\t<div class=\"elementor-widget-container\">\n\t\t\t\t\t<h2 class=\"elementor-heading-title elementor-size-default\">Yhti\u00f6 \/ Sijoitustoiminta\n\n<\/h2>\t\t\t\t<\/div>\n\t\t\t\t<\/div>\n\t\t\t\t<div class=\"elementor-element elementor-element-31d6da6f elementor-widget elementor-widget-text-editor\" data-id=\"31d6da6f\" data-element_type=\"widget\" data-e-type=\"widget\" data-widget_type=\"text-editor.default\">\n\t\t\t\t<div class=\"elementor-widget-container\">\n\t\t\t\t\t\t\t\t\t<p class=\"\" data-start=\"687\" data-end=\"796\">Antler Finance on vuonna 2014 perustettu p\u00e4\u00e4omasijoitusyhti\u00f6, jonka kotipaikka on H\u00e4meenlinna.<\/p><p class=\"\" data-start=\"798\" data-end=\"1006\">Sijoitamme suomalaisiin kasvuyhti\u00f6ihin ja olemme mukana kehitt\u00e4m\u00e4ss\u00e4 niiden liiketoimintaa pitk\u00e4j\u00e4nteisesti ja vastuullisesti. Haluamme olla enemm\u00e4n kuin rahoittaja \u2013 olemme aktiivinen omistaja ja kumppani.<\/p><p class=\"\" data-start=\"1008\" data-end=\"1131\">Lis\u00e4ksi hallinnoimme toimitilakiinteist\u00f6j\u00e4 H\u00e4meenlinnassa ja tarjoamme vuokrattavia toimitiloja eri kokoisiin tarpeisiin. <a href=\"https:\/\/vuokratilathameenlinna.fi\/\">(Vuokratilat H\u00e4meenlinna)<\/a><\/p><p class=\"\" data-start=\"1133\" data-end=\"1209\">Tavoitteenamme on edist\u00e4\u00e4 alueellista elinvoimaa ja tukea kest\u00e4v\u00e4\u00e4 kasvua.<\/p>\t\t\t\t\t\t\t\t<\/div>\n\t\t\t\t<\/div>\n\t\t\t\t<div class=\"elementor-element elementor-element-4b363af4 elementor-widget elementor-widget-button\" data-id=\"4b363af4\" data-element_type=\"widget\" data-e-type=\"widget\" data-widget_type=\"button.default\">\n\t\t\t\t<div class=\"elementor-widget-container\">\n\t\t\t\t\t\t\t\t\t<div class=\"elementor-button-wrapper\">\n\t\t\t\t\t<a class=\"elementor-button elementor-button-link elementor-size-sm\" href=\"https:\/\/www.antlerfinance.fi\/index.php\/ota-yhteytta\/\">\n\t\t\t\t\t\t<span class=\"elementor-button-content-wrapper\">\n\t\t\t\t\t\t\t\t\t<span class=\"elementor-button-text\">Ota yhteytt\u00e4<\/span>\n\t\t\t\t\t<\/span>\n\t\t\t\t\t<\/a>\n\t\t\t\t<\/div>\n\t\t\t\t\t\t\t\t<\/div>\n\t\t\t\t<\/div>\n\t\t\t\t<\/div>\n\t\t\t\t\t<\/div>\n\t\t\t\t<\/div>\n\t\t\t\t<\/div>\n\t\t","protected":false},"excerpt":{"rendered":"<p>Yhti\u00f6 \/ Sijoitustoiminta Antler Finance on vuonna 2014 perustettu p\u00e4\u00e4omasijoitusyhti\u00f6, jonka kotipaikka on H\u00e4meenlinna. Sijoitamme suomalaisiin kasvuyhti\u00f6ihin ja olemme mukana kehitt\u00e4m\u00e4ss\u00e4 niiden liiketoimintaa pitk\u00e4j\u00e4nteisesti ja vastuullisesti. Haluamme olla enemm\u00e4n kuin rahoittaja \u2013 olemme aktiivinen omistaja ja kumppani. Lis\u00e4ksi hallinnoimme toimitilakiinteist\u00f6j\u00e4 H\u00e4meenlinnassa ja tarjoamme vuokrattavia toimitiloja eri kokoisiin tarpeisiin. (Vuokratilat H\u00e4meenlinna) Tavoitteenamme on edist\u00e4\u00e4 alueellista elinvoimaa [&hellip;]<\/p>\n","protected":false},"author":1,"featured_media":0,"parent":0,"menu_order":0,"comment_status":"closed","ping_status":"closed","template":"elementor_header_footer","meta":{"footnotes":""},"class_list":["post-30","page","type-page","status-publish","hentry"],"_links":{"self":[{"href":"https:\/\/www.antlerfinance.fi\/index.php\/wp-json\/wp\/v2\/pages\/30","targetHints":{"allow":["GET"]}}],"collection":[{"href":"https:\/\/www.antlerfinance.fi\/index.php\/wp-json\/wp\/v2\/pages"}],"about":[{"href":"https:\/\/www.antlerfinance.fi\/index.php\/wp-json\/wp\/v2\/types\/page"}],"author":[{"embeddable":true,"href":"https:\/\/www.antlerfinance.fi\/index.php\/wp-json\/wp\/v2\/users\/1"}],"replies":[{"embeddable":true,"href":"https:\/\/www.antlerfinance.fi\/index.php\/wp-json\/wp\/v2\/comments?post=30"}],"version-history":[{"count":16,"href":"https:\/\/www.antlerfinance.fi\/index.php\/wp-json\/wp\/v2\/pages\/30\/revisions"}],"predecessor-version":[{"id":121,"href":"https:\/\/www.antlerfinance.fi\/index.php\/wp-json\/wp\/v2\/pages\/30\/revisions\/121"}],"wp:attachment":[{"href":"https:\/\/www.antlerfinance.fi\/index.php\/wp-json\/wp\/v2\/media?parent=30"}],"curies":[{"name":"wp","href":"https:\/\/api.w.org\/{rel}","templated":true}]}}